 Calculate b(60).
-5
Let b(g) = g**3 - g - 8. Determine b(3).
16
Let s(r) = 2*r**3 - 3*r**2 + 2. Calculate s(2).
6
Let i(x) = x**3 - 15*x**2 + 25*x + 10. Calculate i(13).
-3
Let n(r) = -17*r - 46. Give n(-3).
5
Let r(a) = -a**3 + 12*a**2 + a - 5. Calculate r(12).
7
Let s(r) = -7*r + 1. Give s(2).
-13
Let t(n) = n**2 + 12*n - 4. What is t(-9)?
-31
Let h(g) = -90*g**2 - 1. Determine h(1).
-91
Let k(i) = -210*i + 1257. Calculate k(6).
-3
Let l(z) = z**3 + 13*z**2 - 14*z + 21. Determine l(-13).
203
Let s(l) = -l**2 - 6*l - 8. Give s(-7).
-15
Let h(s) = -5*s**3 - 2*s**2 - 3*s - 1. What is h(-2)?
37
Let w(o) = -o**3 - 16*o**2 + 2*o + 33. Calculate w(-16).
1
Let j(n) = 3*n + 18. Calculate j(8).
42
Let r(q) = 31*q - 322. What is r(10)?
-12
Let w(m) = -5*m - 2. Give w(2).
-12
Let l(a) = -a**3 - 35*a**2 + 73*a + 52. Calculate l(-37).
89
Let x(h) = -2*h**3 - 23*h**2 - 15*h - 27. Calculate x(-11).
17
Let p(i) = -i + 7. Calculate p(-6).
13
Let g(a) = 15*a + 1. What is g(-3)?
-44
Let q(h) = -h**2 + 9*h - 12. Give q(11).
-34
Let y(i) = i**2 + 10*i + 35. Calculate y(-6).
11
Let k(t) = 5*t**2 - 20*t - 3. Calculate k(5).
22
Let v(m) = -9*m - 27. Calculate v(-5).
18
Let v(u) = u**2 + 3*u - 2. Give v(3).
16
Let i(n) = 2*n**2 + 7*n - 5. Give i(-5).
10
Let d(t) = t**2 - 10*t + 8. What is d(9)?
-1
Let k(n) = n**3 - 3*n**2 - 7*n + 18. What is k(4)?
6
Let f(a) = -15*a**3 + a**2 - a + 1. Calculate f(1).
-14
Let y(i) = i + 112. Calculate y(-41).
71
Let z(i) = -14*i - 67. What is z(-9)?
59
Let d(y) = -y**2 - 3*y + 17. What is d(-5)?
7
Let l(p) = -2*p**3 + 24*p**2 - 43*p + 19. Determine l(10).
-11
Let l(g) = -g**2 + 18*g - 87. What is l(8)?
-7
Let p(x) = -10*x**2 - 13*x - 1. What is p(-2)?
-15
Let b(m) = -21*m - 167. Calculate b(-8).
1
Let s(p) = -p**2 - 9*p - 5. What is s(-5)?
15
Let x(w) = 3*w**2 - 59*w - 20. Determine x(20).
0
Let v(u) = u**3 - 3*u**2 - 9*u + 7. Calculate v(3).
-20
Let u(t) = 3*t**2 + 3*t + 1. Give u(-4).
37
Let i(a) = -4*a**3 + 4*a**2 + 6*a - 19. Determine i(4).
-187
Let k(n) = -n**2 + 15*n - 14. Determine k(11).
30
Let a(d) = -14*d**2 - 9*d + 21. What is a(2)?
-53
Let o(y) = -y**3 + 3*y - 2. Determine o(3).
-20
Let o(x) = -66*x - 1708. Determine o(-26).
8
Let b(o) = -2*o**2 + 34*o - 17. Calculate b(17).
-17
Let w(r) = -5*r**2 + 4*r + 8. Calculate w(-2).
-20
Let z(l) = l**2 + 7*l - 256. What is z(13)?
4
Let k(i) = 5*i - 36. Give k(13).
29
Let i(s) = 85*s - 172. What is i(2)?
-2
Let c(l) = l**2 + 6*l - 19. Calculate c(-9).
8
Let r(x) = -4*x - 19. What is r(-2)?
-11
Let i(y) = y**2 - 12*y + 21. What is i(10)?
1
Let a(n) = n**3 + 16*n**2 + 42*n + 3. What is a(-13)?
-36
Let w(a) = -8*a + 4. What is w(3)?
-20
Let f(c) = 5*c**2 + c + 1. What is f(1)?
7
Let d(z) = -30*z + 131. Calculate d(8).
-109
Let v(c) = 11*c. What is v(2)?
22
Let w(a) = a**3 - 5*a**2 + 7*a + 1. What is w(5)?
36
Let d(q) = -q**3 - 17*q**2 - 29*q - 21. Determine d(-15).
-36
Let r(o) = o**2 - 10*o - 9. Give r(8).
-25
Let w(h) = 2*h**3 - 9*h**2 + 7*h - 19. What is w(4)?
-7
Let r(h) = -h**3 - 8*h**2 + 22*h + 8. What is r(-10)?
-12
Let r(h) = h**2 + 4*h - 7. What is r(-4)?
-7
Let u(d) = -147*d + 740. Give u(5).
5
Let g(c) = -c**2 - 8*c - 4. What is g(-5)?
11
Let z(v) = -34*v + 1. What is z(1)?
-33
Let d(b) = 7*b - 20. Calculate d(4).
8
Let s(z) = -3*z**2 + 28*z - 20. Determine s(8).
12
Let v(q) = q**2 + 9*q - 13. Give v(-9).
-13
Let f(u) = -2*u**3 - 2*u**2 + u + 3. Calculate f(-2).
9
Let b(c) = -9*c + 15. Calculate b(-6).
69
Let w(m) = 275*m - 554. What is w(2)?
-4
Let i(d) = -d**3 + 13*d**2 - 12*d + 9. Determine i(12).
9
Let w(b) = -b**3 - 11*b**2 + 11*b - 12. Determine w(-12).
0
Let y(i) = -2*i**3 + i**2. Calculate y(-2).
20
Let d(n) = -n**2 + 5*n + 11. Calculate d(7).
-3
Let k(u) = 2*u**2 + 37*u + 46. Give k(-17).
-5
Let r(b) = 6*b - 2. What is r(-1)?
-8
Let m(b) = b**3 + 2*b**2 - 4. Calculate m(-4).
-36
Let n(b) = 14*b - 12. What is n(1)?
2
Let q(o) = o**3 + 8*o**2 + 9*o + 4. Determine q(-7).
-10
Let u(p) = 15*p + 16. Determine u(-3).
-29
Let b(x) = -x**2 - 22*x - 138. Determine b(-9).
-21
Let q(k) = k**2 - 15*k + 26. Determine q(11).
-18
Let n(w) = 20*w - 138. Give n(7).
2
Let a(z) = 2*z**2 - 38*z - 57. Determine a(20).
-17
Let w(m) = 5*m - 1. Give w(3).
14
Let w(p) = -3*p - 71. What is w(-23)?
-2
Let u(f) = f**2 - 7*f + 8. Give u(7).
8
Let v(z) = 2*z**3 + 44*z**2 - 44*z + 37. Determine v(-23).
-9
Let k(y) = 2*y**2 - 25*y + 34. What is k(10)?
-16
Let i(x) = x**2 - x - 11. Calculate i(-10).
99
Let s(n) = -3*n**2 + 18*n - 11. Determine s(6).
-11
Let u(b) = -b**2 - 20*b - 84. Calculate u(-4).
-20
Let x(j) = -9*j**2 - 3*j - 4. Calculate x(3).
-94
Let p(a) = -a**2 + 16*a - 24. Give p(14).
4
Let j(r) = -r**2 + 10*r + 4. Determine j(11).
-7
Let x(i) = 16*i - 126. What is x(8)?
2
Let q(d) = d**3 - 13*d**2 + 2*d - 19. Calculate q(13).
7
Let r(j) = -j**3 + 5*j**2 + 2*j + 8. Calculate r(6).
-16
Let o(t) = -42*t - 371. Give o(-9).
7
Let j(h) = -h**2 + 49*h + 91. What is j(51)?
-11
Let b(k) = k**3 + 9*k**2 + k + 12. Calculate b(-9).
3
Let x(c) = 3*c - 55. Calculate x(8).
-31
Let u(o) = 2*o**3 + 3*o**2 - 3*o. Calculate u(1).
2
Let w(d) = d**3 - 8*d**2 + 8*d - 12. What is w(8)?
52
Let i(l) = -l**2 - 8*l - 1. Give i(-5).
14
Let r(w) = -8*w**3 + 3*w - 1. Determine r(2).
-59
Let p(g) = g**3 + 7*g**2 + 3*g + 9. Calculate p(-6).
27
Let t(c) = -c**2 + 7*c - 16. What is t(6)?
-10
Let t(m) = -m**3 + 13*m**2 - 25*m + 5. Calculate t(2).
-1
Let l(d) = d**2 - 12*d + 16. Calculate l(11).
5
Let x(d) = -d**3 + 13*d**2 - 11*d - 22. Calculate x(12).
-10
Let n(l) = -l**3 - l**2 - l - 42. Give n(0).
-42
Let k(s) = -s**3 + 14*s**2 + 9*s - 127. What is k(14)?
-1
Let r(d) = d**3 + 15*d**2 - 34*d + 11. What is r(-17)?
11
Let w(q) = 3*q + 12. Give w(-18).
-42
Let r(v) = -v**2 - 4*v + 50. Calculate r(7).
-27
Let w(y) = y**3 - 5*y**2 + y + 5. Determine w(5).
10
Let j(f) = f**3 + 16*f**2 + 27*f - 5. Calculate j(-14).
9
Let l(c) = -c**3 + c**2 + 2*c - 4. Determine l(-3).
26
Let k(m) = 40*m - 16. Determine k(1).
24
Let s(j) = -5*j + 16. Calculate s(7).
-19
Let x(z) = z**3 - 19*z**2 + 18*z + 2. What is x(18)?
2
Let p(c) = -c**3 + 2*c**2 - 15*c - 33. Determine p(-2).
13
Let z(h) = -h**2 - 7*h + 37. Calculate z(-11).
-7
Let h(p) = -2*p - 12. Give h(-9).
6
Let z(t) = t**2 + 15*t - 221. Calculate z(9).
-5
Let r(q) = -q**3 - 12*q**2 - 11*q - 6. Give r(-11).
-6
Let f(q) = -8*q - 109. What is f(-14)?
3
Let w(r) = -r**2 - 3*r + 4. Give w(-3).
4
Let y(n) = 2*n**3 + 4*n**2 - n - 2. Give y(-3).
-17
Let t(x) = x + 10. Calculate t(-9).
1
Let f(d) = 3*d**3 + 6*d**2 + d - 2. Determine f(-2).
-4
Let v(q) = -7*q**2 - 3*q + 2. Give v(1).
-8
Let j(i) = i**3 - 8*i**2 - 5*i + 9. What is j(8)?
-31
Let y(k) = -k + 19. Give y(-4).
23
Let t(s) = s**2 + 22*s - 29. Determine t(-13).
-146
Let f(b) = 3*b**3 - 20*b**2 + 2*b + 24. Determine f(6).
-36
Let d(j) = -20*j + 36. Calculate d(4).
-44
Let y(f) = 2*f**2 + 72*f + 302. Determine y(-31).
-8
Let a(q) = 3*q**2 - q + 19. Give a(0).
19
Let x(h) = 2*h**2 + h - 10. Calculate x(5).
45
Let c(u) = -2*u**2 + 5*u - 16. Calculate c(4).
-28
Let v(i) = -i**3 - 5*i**2 + 4*i - 9. Give v(-6).
3
Let o(a) = -a**2 + 14*a + 4. Determine o(0).
4
Let x(i) = i**2 + 6*i + 2. Give x(-5).
-3
Let p(q) = -q**3 - 8*q**2 + 5*q - 10. Calculate p(-9).
26
Let y(t) = t**3 - 7*t**2 - t + 8. Determine y(4).
-44
Let a(b) = b**3 + b**2 - 2*b. Give a(-2).
0
Let j(w) = w**3 + w**2 + 3. Calculate j(-3).
-15
Let k(c) = -c**3 - 7*c**2 + 5*c + 10. What is k(-8)?
34
Let i(q) = -6*q + 2. Give i(5).
-28
Let x(a) = -7*a + 7. Give x(-6).
49
Let m(n) = 3*n + 15. Give m(7).
36
Let b(l) = l**2 - 12*l + 12. Calculate b(5).
-23
Let l(a) = 8*a**2 + 19*a - 10. Give l(-3).
5
Let m(h) = -4*h**2 - 30*h + 17. Determine m(-8).
1
Let x(y) = -y**2 + y + 18. Calculate x(-3).
6
Let j(d) = -d**2 + 11. What is j(3)?
2
Let d(y) = -y**3 - 9*y**2 + 7*y - 7. What is d(-7)?
-154
Let x(a) = -3*a**2 + 29*a - 20. Calculate x(8).
20
Let r(z) = z**2 - 9*z + 17. What is r(7)?
3
Let r(m) = 4*m + 148. Calculate r(-37).
0
Let o(n) = 3*n + 24. Determine o(-6).
6
Let f(k) = 3*k**2 - 46*k - 38. What is f(16)?
-6
Let c(y) = y**2 - 17*y + 1. What is c(16)?
-15
Let j(g) = -g**3 - 9*g**2 - 8*g - 8. Give j(-8).
-8
Let r(o) = -o**3 - 35*o**2 - 68*o - 61. Calculate r(-33).
5
Let p(v) = v**2 + 